3
Let l(s) = 24*s + 3. Determine l(-1).
-21
Let q(h) = 12*h**2 + 2*h - 5. Give q(-2).
39
Let d(s) = -s + 4. Determine d(13).
-9
Let o(c) = -53*c + 52. Calculate o(1).
-1
Let n(b) = b**3 - 8*b**2 - 10*b - 5. Determine n(9).
-14
Let v(f) = -f**3 - 2*f + 4. What is v(0)?
4
Let r(p) = 5*p - 25. Determine r(-8).
-65
Let u(d) = 3*d + 1. Determine u(7).
22
Let s(t) = -8*t - 4. Give s(-2).
12
Let u(v) = v**3 - 25*v**2 - 85*v + 22. Give u(28).
-6
Let o(m) = 18*m - 3. What is o(4)?
69
Let j(x) = x + 15. Determine j(5).
20
Let n(p) = -p**3 + 6*p**2 + 6*p + 4. Determine n(7).
-3
Let f(s) = -2*s**3 - 4*s + 10. Give f(-3).
76
Let n(g) = -39*g + 583. What is n(15)?
-2
Let r(c) = 2*c**3 - c**2 - c + 1. Determine r(1).
1
Let a(u) = u**3 - 9*u**2 + 4*u + 10. Determine a(9).
46
Let q(b) = b**2 + b - 12. Determine q(-8).
44
Let g(n) = 3*n**2 + 2*n + 2. What is g(-3)?
23
Let z(a) = -13*a + 20. Determine z(2).
-6
Let c(g) = -g**2 - 17*g - 24. Calculate c(-15).
6
Let b(c) = -19*c**3 - c + 1. What is b(1)?
-19
Let y(p) = -p**2 + 3*p + 25. What is y(6)?
7
Let n(u) = 14*u + 160. What is n(-12)?
-8
Let a(d) = -2*d - 1. Calculate a(-2).
3
Let s(f) = f**3 - 8*f**2 - 2*f - 11. Determine s(8).
-27
Let m(g) = 3*g - 20. Calculate m(5).
-5
Let j(f) = -158*f + 1268. What is j(8)?
4
Let d(p) = 4*p + 7. Give d(6).
31
Let c(o) = o**3 - 7*o**2 - 11*o - 11. Determine c(9).
52
Let y(q) = q**2 + 4*q - 1. Give y(-11).
76
Let b(p) = p + 1. What is b(1)?
2
Let p(z) = -z**3 + 3*z**2 - 2*z - 4. Give p(3).
-10
Let i(t) = -5*t - 14. Give i(-11).
41
Let a(k) = k**2 - k + 3. Calculate a(0).
3
Let l(p) = p - 32. Determine l(22).
-10
Let h(w) = -14*w - 6. Determine h(-5).
64
Let j(x) = -x**2 - 9*x - 8. Give j(-9).
-8
Let n(i) = -i**3 - 13*i**2 + 21*i + 110. What is n(-14)?
12
Let l(s) = -24*s + 127. What is l(5)?
7
Let o(q) = q**2 + 12*q - 1. Give o(-6).
-37
Let x(a) = -a**3 + 9*a**2 - 5*a - 8. Give x(8).
16
Let j(u) = u**2 - 15*u - 1. Calculate j(15).
-1
Let y(f) = -f**3 + 8*f**2 + 8*f - 2. Give y(9).
-11
Let i(t) = 9*t - 191. Give i(22).
7
Let f(i) = -7*i + 28. Give f(7).
-21
Let l(c) = -2*c**2 + 9*c. What is l(6)?
-18
Let s(y) = y**3 - 5*y**2 + 5*y - 11. Determine s(6).
55
Let g(d) = d**2 + 4*d + 12. Calculate g(5).
57
Let g(x) = -x**3 + 16*x**2 + 17*x + 7. Calculate g(17).
7
Let t(w) = -w - 9. What is t(7)?
-16
Let o(p) = -p**2 + 3*p + 5. Give o(4).
1
Let u(y) = -y**3 + 92. Determine u(0).
92
Let b(p) = 2*p**2 - 2*p - 3. Calculate b(6).
57
Let p(q) = -3*q - 14. Calculate p(-13).
25
Let r(p) = -p**3 - 9*p**2 + 10*p - 6. Determine r(-10).
-6
Let h(b) = 2*b**3 - 21*b**2 + 6*b + 26. Give h(10).
-14
Let u(i) = -4*i + 5. Calculate u(5).
-15
Let g(x) = x**3 + 21*x**2 + 22*x + 37. What is g(-20)?
-3
Let t(g) = 111*g + 1. Give t(1).
112
Let z(h) = -2*h**2 + 6*h + 30. Determine z(-3).
-6
Let g(y) = y**2 - y + 7. What is g(4)?
19
Let s(h) = -h**3 - 5*h + 5. What is s(2)?
-13
Let j(y) = 2*y**2 + 3*y - 2. Calculate j(-3).
7
Let g(l) = l**3 + l**2 - 3*l + 4. Give g(-3).
-5
Let a(w) = 66*w**3 - 2*w**2 + 2*w - 1. Give a(1).
65
Let h(n) = -5*n**2 + 10*n + 17. Determine h(-2).
-23
Let q(f) = -2*f**2 + 21*f - 8. What is q(7)?
41
Let j(t) = 3*t**2 - 39*t + 23. Give j(12).
-13
Let d(u) = -u**3 + 5*u**2 + 4*u + 8. Determine d(6).
-4
Let p(j) = -j**2 + 12*j + 162. Calculate p(-8).
2
Let q(a) = a - 19. What is q(8)?
-11
Let u(j) = -2*j**3 - 6*j**2 + 5*j - 14. Give u(-4).
-2
Let x(c) = -6*c**3 - c**2 + 7*c - 1. Give x(2).
-39
Let x(w) = -w**3 - w**2 - w - 6. Give x(0).
-6
Let p(y) = 11*y. Determine p(3).
33
Let q(o) = -47*o + 356. What is q(8)?
-20
Let m(i) = -64*i + 264. Determine m(4).
8
Let f(r) = -r + 9. What is f(7)?
2
Let p(z) = -z**2 - 10*z + 19. Calculate p(-13).
-20
Let y(w) = -w**3 - 4*w**2 + 5*w - 6. Calculate y(-5).
-6
Let h(n) = 9*n - 35. What is h(10)?
55
Let t(g) = g**2 - 10*g - 15. What is t(11)?
-4
Let y(q) = -q**2 + 2*q + 3. What is y(-3)?
-12
Let r(p) = p**2 - 4*p - 9. What is r(4)?
-9
Let f(z) = -6*z + 17. What is f(5)?
-13
Let o(z) = z**2 - 6*z + 4. What is o(5)?
-1
Let s(x) = -4*x**2 + 2*x + 2. What is s(2)?
-10
Let b(i) = 2*i. Calculate b(4).
8
Let v(p) = p - 8. What is v(-4)?
-12
Let c(n) = n + 3. Determine c(-5).
-2
Let p(o) = -o**3 - o**2 + 4*o + 6. Calculate p(-4).
38
Let r(m) = m - 2. Calculate r(-6).
-8
Let h(f) = 2*f**3 - 4*f**2 + 4. Give h(2).
4
Let f(m) = -10*m - 80. Determine f(-9).
10
Let b(f) = -4*f - 2. What is b(4)?
-18
Let t(b) = b**2 - 12*b - 106. Calculate t(17).
-21
Let p(z) = -9*z - 31. What is p(-4)?
5
Let s(d) = -d**3 + 3*d**2 + 7*d + 18. What is s(5)?
3
Let k(f) = f**3 + 2*f**2 + f + 2. Calculate k(-3).
-10
Let s(m) = -m**3 + 20*m**2 - 2*m - 42. Calculate s(20).
-82
Let h(a) = -a**2 + 5*a + 2. Give h(7).
-12
Let o(y) = -6*y**2 + 49*y - 71. Determine o(6).
7
Let r(f) = -58*f + 459. What is r(8)?
-5
Let v(j) = -j**2 - 7*j + 18. Give v(2).
0
Let g(c) = -c**2 + 11*c - 14. Calculate g(9).
4
Let b(h) = -3*h**2 + 79*h - 28. What is b(26)?
-2
Let p(q) = q**2 - 5*q - 11. Determine p(7).
3
Let y(u) = -3*u + 4. Calculate y(-7).
25
Let n(x) = 3*x**3 - x**2 + 2*x - 4. Give n(2).
20
Let y(m) = -2*m - 32. Give y(-14).
-4
Let x(v) = -v**2 - 10*v - 5. Determine x(-9).
4
Let h(x) = -2*x**2 - x + 4. Give h(-4).
-24
Let v(s) = -2*s**3 + 8*s - 15. Calculate v(3).
-45
Let w(d) = -d**3 + 4*d**2 + 8*d - 6. Determine w(5).
9
Let o(w) = w**2 - 14*w + 6. Determine o(6).
-42
Let m(y) = 6*y + 190. What is m(-33)?
-8
Let h(u) = -u**3 - 6*u**2 + 6*u - 4. Calculate h(-7).
3
Let w(q) = -q**3 - 78*q**2 - 77*q + 5. Give w(-77).
5
Let c(q) = 12*q**3 + 2*q**2 + 2*q - 1. What is c(2)?
107
Let d(c) = -c**3 - c**2 + 2*c + 2. Calculate d(-2).
2
Let n(v) = -v**3 - v**2 + 3*v - 5. What is n(2)?
-11
Let b(h) = h**2 - 110. Give b(0).
-110
Let a(k) = -36*k + 110. Determine a(3).
2
Let h(r) = r**2 + 17*r + 8. Determine h(-10).
-62
Let f(k) = k + 11. Determine f(-7).
4
Let u(q) = q**2 + 8*q + 14. Calculate u(-4).
-2
Let b(i) = 12*i - 246. What is b(20)?
-6
Let u(d) = 9*d - 30. Calculate u(-12).
-138
Let l(j) = -3*j**3 - 5*j**2 + 8*j + 6. What is l(-3)?
18
Let c(w) = -6*w**2 - 3*w + 1. What is c(-1)?
-2
Let z(o) = o**2 + 4*o + 4. Calculate z(-1).
1
Let o(q) = 215*q + 1938. Determine o(-9).
3
Let w(i) = i - 3. Give w(9).
6
Let u(d) = d**3 - 9*d**2 + 7*d + 5. What is u(6)?
-61
Let a(o) = o**2 + 13*o + 7. Give a(-13).
7
Let t(k) = -k**3 + 5*k**2 - 3*k - 5. Calculate t(5).
-20
Let o(z) = -2*z**3 - z**2 - 3*z + 3. Calculate o(2).
-23
Let h(d) = -d**3 - 6*d**2 - 9*d - 13. Give h(-6).
41
Let t(s) = -3*s + 2. Give t(-2).
8
Let w(v) = -12*v**2 + 5*v - 4. Calculate w(1).
-11
Let d(c) = -c**3 - 14*c**2 + 33*c + 23. What is d(-16)?
7
Let p(a) = a**3 - 13*a**2 - 15*a - 1. Calculate p(14).
-15
Let r(v) = 4*v + 11. What is r(-10)?
-29
Let c(j) = j**3 - 11*j**2 + j + 21. Give c(11).
32
Let n(l) = -l**2 - 5*l + 2. Give n(2).
-12
Let l(b) = -8*b**2 + 3*b - 2. What is l(1)?
-7
Let x(v) = v**3 + 7*v**2 + 4*v + 5. Give x(-6).
17
Let b(q) = -4*q**2 - 51*q - 18. Calculate b(-12).
18
Let i(y) = y**2 + 21*y - 27. What is i(-22)?
-5
Let a(b) = -7*b - 5. Determine a(-6).
37
Let t(x) = -x**3 - 6*x**2 + 4*x - 7. Calculate t(-7).
14
Let g(s) = -s**3 + 37*s**2 - 331*s + 10. Calculate g(15).
-5
Let c(y) = y**3 - y**2 - y + 53. What is c(0)?
53
Let h(u) = -21*u + 24. Give h(3).
-39
Let z(b) = -3*b**2 - 23*b - 5. Calculate z(-6).
25
Let h(p) = -p**3 + 6*p**2 + 7. Calculate h(6).
7
Let q(o) = 35*o**2 + 69*o - 4. Calculate q(-2).
-2
Let a(c) = 7*c + 51. Give a(-4).
23
Let v(z) = z**3 + 61*z**2 + 48*z - 709. Calculate v(-60).
11
Let k(h) = -h**3 - 4*h**2 + 5*h + 5. Give k(-5).
5
Let v(x) = -x**3 - 22*x**2 - 41*x + 4. Give v(-2).
6
Let h(j) = 2*j**3 + 15*j**2 - 53*j + 2. Give h(-10).
32
Let f(p) = p**3 - p**2 - 2*p + 3. Determine f(2).
3
Let j(v) = -13*v + 3. Give j(3).
-36
Let p(w) = w**2 - 2*w + 12. Determine p(-6).
60
Let z(h) = -h**2 - 18*h - 23. Give z(-16).
9
Let y(s) = s**2 + 6*s + 2. Give y(-8).
18
Let l(d) = -44*d + 254. Calculate l(6).
-10
Let t(r) = -3*r + 4. What is t(4)?
-8
Let n(a) = 2*a**2 + 5*a + 5. Calculate n(-2).
3
Let w(h) = -h**3 - 2*h**2 - 7. What is w(-3)?
2
Let h(a) = 10*a**2 - 1. Give h(1).
9
Let s(u) = -2*u**2 + 26*u - 8. What is s(12)?
16
Let k(x) = -x**3 - 7*x**2 - 6. Determine k(-7).
-6
Let j(y) = -y**2 + 3*y + 34. Calculat